66.249.64.10 - - [13/Jun/2026:17:49:17 +0200] "GET /index.php/?h=38618571001100 HTTP/1.1" 301 - "-" "Mozilla/5.0 (Linux; Android 6.0.1; Nexus 5X Build/MMB29P) AppleWebKit/537.36 (KHTML, like Gecko) Chrome/149.0.7827.114 Mobile Safari/537.36 (compatible; Googlebot/2.1; +http://www.google.com/bot.html)"
66.249.64.10 - - [13/Jun/2026:17:49:18 +0200] "GET /?h=38619108121100 HTTP/1.1" 301 313 "-" "Mozilla/5.0 (Linux; Android 6.0.1; Nexus 5X Build/MMB29P) AppleWebKit/537.36 (KHTML, like Gecko) Chrome/149.0.7827.114 Mobile Safari/537.36 (compatible; Googlebot/2.1; +http://www.google.com/bot.html)"
66.249.64.10 - - [13/Jun/2026:17:49:18 +0200] "GET /index.php/?h=38780318721100 HTTP/1.1" 301 - "-" "Mozilla/5.0 (Linux; Android 6.0.1; Nexus 5X Build/MMB29P) AppleWebKit/537.36 (KHTML, like Gecko) Chrome/149.0.7827.114 Mobile Safari/537.36 (compatible; Googlebot/2.1; +http://www.google.com/bot.html)"
66.249.64.10 - - [13/Jun/2026:17:49:18 +0200] "GET /?h=38806070641100 HTTP/1.1" 301 313 "-" "Mozilla/5.0 (Linux; Android 6.0.1; Nexus 5X Build/MMB29P) AppleWebKit/537.36 (KHTML, like Gecko) Chrome/149.0.7827.114 Mobile Safari/537.36 (compatible; Googlebot/2.1; +http://www.google.com/bot.html)"
66.249.64.10 - - [13/Jun/2026:17:49:18 +0200] "GET /index.php/?h=38840550761100 HTTP/1.1" 301 - "-" "Mozilla/5.0 (Linux; Android 6.0.1; Nexus 5X Build/MMB29P) AppleWebKit/537.36 (KHTML, like Gecko) Chrome/149.0.7827.114 Mobile Safari/537.36 (compatible; Googlebot/2.1; +http://www.google.com/bot.html)"
66.249.64.10 - - [13/Jun/2026:17:49:19 +0200] "GET /?h=38710881041100 HTTP/1.1" 301 313 "-" "Mozilla/5.0 (Linux; Android 6.0.1; Nexus 5X Build/MMB29P) AppleWebKit/537.36 (KHTML, like Gecko) Chrome/149.0.7827.114 Mobile Safari/537.36 (compatible; Googlebot/2.1; +http://www.google.com/bot.html)"
66.249.64.10 - - [13/Jun/2026:17:49:19 +0200] "GET /?h=38722309761100 HTTP/1.1" 301 313 "-" "Mozilla/5.0 (Linux; Android 6.0.1; Nexus 5X Build/MMB29P) AppleWebKit/537.36 (KHTML, like Gecko) Chrome/149.0.7827.114 Mobile Safari/537.36 (compatible; Googlebot/2.1; +http://www.google.com/bot.html)"
66.249.64.10 - - [13/Jun/2026:17:49:19 +0200] "GET /index.php/?h=38619108121100 HTTP/1.1" 301 - "-" "Mozilla/5.0 (Linux; Android 6.0.1; Nexus 5X Build/MMB29P) AppleWebKit/537.36 (KHTML, like Gecko) Chrome/149.0.7827.114 Mobile Safari/537.36 (compatible; Googlebot/2.1; +http://www.google.com/bot.html)"
66.249.64.10 - - [13/Jun/2026:17:49:20 +0200] "GET /?h=38789733241100 HTTP/1.1" 301 313 "-" "Mozilla/5.0 (Linux; Android 6.0.1; Nexus 5X Build/MMB29P) AppleWebKit/537.36 (KHTML, like Gecko) Chrome/149.0.7827.114 Mobile Safari/537.36 (compatible; Googlebot/2.1; +http://www.google.com/bot.html)"
66.249.64.10 - - [13/Jun/2026:17:49:20 +0200] "GET /index.php/?h=38806070641100 HTTP/1.1" 301 - "-" "Mozilla/5.0 (Linux; Android 6.0.1; Nexus 5X Build/MMB29P) AppleWebKit/537.36 (KHTML, like Gecko) Chrome/149.0.7827.114 Mobile Safari/537.36 (compatible; Googlebot/2.1; +http://www.google.com/bot.html)"
66.249.64.10 - - [13/Jun/2026:17:49:20 +0200] "GET /?h=38747748361100 HTTP/1.1" 301 313 "-" "Mozilla/5.0 (Linux; Android 6.0.1; Nexus 5X Build/MMB29P) AppleWebKit/537.36 (KHTML, like Gecko) Chrome/149.0.7827.114 Mobile Safari/537.36 (compatible; Googlebot/2.1; +http://www.google.com/bot.html)"
66.249.64.10 - - [13/Jun/2026:17:49:21 +0200] "GET /index.php/?h=38710881041100 HTTP/1.1" 301 - "-" "Mozilla/5.0 (Linux; Android 6.0.1; Nexus 5X Build/MMB29P) AppleWebKit/537.36 (KHTML, like Gecko) Chrome/149.0.7827.114 Mobile Safari/537.36 (compatible; Googlebot/2.1; +http://www.google.com/bot.html)"
66.249.64.10 - - [13/Jun/2026:17:49:21 +0200] "GET /index.php/?h=38722309761100 HTTP/1.1" 301 - "-" "Mozilla/5.0 (Linux; Android 6.0.1; Nexus 5X Build/MMB29P) AppleWebKit/537.36 (KHTML, like Gecko) Chrome/149.0.7827.114 Mobile Safari/537.36 (compatible; Googlebot/2.1; +http://www.google.com/bot.html)"
66.249.64.10 - - [13/Jun/2026:17:49:21 +0200] "GET /index.php/?h=38789733241100 HTTP/1.1" 301 - "-" "Mozilla/5.0 (Linux; Android 6.0.1; Nexus 5X Build/MMB29P) AppleWebKit/537.36 (KHTML, like Gecko) Chrome/149.0.7827.114 Mobile Safari/537.36 (compatible; Googlebot/2.1; +http://www.google.com/bot.html)"
66.249.64.10 - - [13/Jun/2026:17:49:22 +0200] "GET /index.php/?h=38747748361100 HTTP/1.1" 301 - "-" "Mozilla/5.0 (Linux; Android 6.0.1; Nexus 5X Build/MMB29P) AppleWebKit/537.36 (KHTML, like Gecko) Chrome/149.0.7827.114 Mobile Safari/537.36 (compatible; Googlebot/2.1; +http://www.google.com/bot.html)"
66.249.64.10 - - [13/Jun/2026:17:51:47 +0200] "GET /?h=3761467361100 HTTP/1.1" 301 312 "-" "Mozilla/5.0 (Linux; Android 6.0.1; Nexus 5X Build/MMB29P) AppleWebKit/537.36 (KHTML, like Gecko) Chrome/148.0.7778.96 Mobile Safari/537.36 (compatible; Googlebot/2.1; +http://www.google.com/bot.html)"
66.249.64.10 - - [13/Jun/2026:17:51:47 +0200] "GET /index.php/?h=3761467361100 HTTP/1.1" 301 - "-" "Mozilla/5.0 (Linux; Android 6.0.1; Nexus 5X Build/MMB29P) AppleWebKit/537.36 (KHTML, like Gecko) Chrome/148.0.7778.96 Mobile Safari/537.36 (compatible; Googlebot/2.1; +http://www.google.com/bot.html)"
66.249.64.12 - - [13/Jun/2026:17:53:35 +0200] "GET /?h=38636340721100 HTTP/1.1" 301 313 "-" "Mozilla/5.0 (Linux; Android 6.0.1; Nexus 5X Build/MMB29P) AppleWebKit/537.36 (KHTML, like Gecko) Chrome/148.0.7778.96 Mobile Safari/537.36 (compatible; Googlebot/2.1; +http://www.google.com/bot.html)"
66.249.64.11 - - [13/Jun/2026:17:53:36 +0200] "GET /index.php/?h=38636340721100 HTTP/1.1" 301 - "-" "Mozilla/5.0 (Linux; Android 6.0.1; Nexus 5X Build/MMB29P) AppleWebKit/537.36 (KHTML, like Gecko) Chrome/148.0.7778.96 Mobile Safari/537.36 (compatible; Googlebot/2.1; +http://www.google.com/bot.html)"
146.75.253.253 - - [13/Jun/2026:17:54:14 +0200] "GET /?h=9279838241100 HTTP/2.0" 301 312 "-" "Mozilla/5.0 (iPhone; CPU iPhone OS 18_7 like Mac OS X) AppleWebKit/605.1.15 (KHTML, like Gecko) Version/26.4 Mobile/15E148 Safari/604.1"
146.75.253.253 - - [13/Jun/2026:17:54:14 +0200] "GET /index.php/?h=9279838241100 HTTP/2.0" 301 - "-" "Mozilla/5.0 (iPhone; CPU iPhone OS 18_7 like Mac OS X) AppleWebKit/605.1.15 (KHTML, like Gecko) Version/26.4 Mobile/15E148 Safari/604.1"
66.249.64.12 - - [13/Jun/2026:17:59:32 +0200] "GET /?h=19165487081100 HTTP/1.1" 301 313 "-" "Mozilla/5.0 (Linux; Android 6.0.1; Nexus 5X Build/MMB29P) AppleWebKit/537.36 (KHTML, like Gecko) Chrome/148.0.7778.96 Mobile Safari/537.36 (compatible; Googlebot/2.1; +http://www.google.com/bot.html)"
66.249.64.11 - - [13/Jun/2026:17:59:32 +0200] "GET /index.php/?h=19165487081100 HTTP/1.1" 301 - "-" "Mozilla/5.0 (Linux; Android 6.0.1; Nexus 5X Build/MMB29P) AppleWebKit/537.36 (KHTML, like Gecko) Chrome/148.0.7778.96 Mobile Safari/537.36 (compatible; Googlebot/2.1; +http://www.google.com/bot.html)"
66.249.64.12 - - [13/Jun/2026:18:02:16 +0200] "GET /?h=29739574561100 HTTP/1.1" 301 313 "-" "Mozilla/5.0 (Linux; Android 6.0.1; Nexus 5X Build/MMB29P) AppleWebKit/537.36 (KHTML, like Gecko) Chrome/148.0.7778.96 Mobile Safari/537.36 (compatible; Googlebot/2.1; +http://www.google.com/bot.html)"
66.249.64.10 - - [13/Jun/2026:18:02:17 +0200] "GET /index.php/?h=29739574561100 HTTP/1.1" 301 - "-" "Mozilla/5.0 (Linux; Android 6.0.1; Nexus 5X Build/MMB29P) AppleWebKit/537.36 (KHTML, like Gecko) Chrome/148.0.7778.96 Mobile Safari/537.36 (compatible; Googlebot/2.1; +http://www.google.com/bot.html)"
66.249.64.10 - - [13/Jun/2026:18:03:56 +0200] "GET /?h=19265883761100 HTTP/1.1" 301 313 "-" "Mozilla/5.0 (Linux; Android 6.0.1; Nexus 5X Build/MMB29P) AppleWebKit/537.36 (KHTML, like Gecko) Chrome/148.0.7778.96 Mobile Safari/537.36 (compatible; Googlebot/2.1; +http://www.google.com/bot.html)"
66.249.64.10 - - [13/Jun/2026:18:03:56 +0200] "GET /index.php/?h=19265883761100 HTTP/1.1" 301 - "-" "Mozilla/5.0 (Linux; Android 6.0.1; Nexus 5X Build/MMB29P) AppleWebKit/537.36 (KHTML, like Gecko) Chrome/148.0.7778.96 Mobile Safari/537.36 (compatible; Googlebot/2.1; +http://www.google.com/bot.html)"
51.107.70.195 - - [13/Jun/2026:18:04:03 +0200] "GET /?h=37326782481100 HTTP/2.0" 301 313 "-" "Mozilla/5.0 AppleWebKit/537.36 (KHTML, like Gecko); compatible; ChatGPT-User/1.0; +https://openai.com/bot"
51.107.70.195 - - [13/Jun/2026:18:04:04 +0200] "GET /index.php/?h=37326782481100 HTTP/2.0" 301 - "-" "Mozilla/5.0 AppleWebKit/537.36 (KHTML, like Gecko); compatible; ChatGPT-User/1.0; +https://openai.com/bot"
66.249.64.10 - - [13/Jun/2026:18:04:06 +0200] "GET /?h=33682990241100 HTTP/1.1" 301 313 "-" "Mozilla/5.0 (compatible; Googlebot/2.1; +http://www.google.com/bot.html)"
66.249.64.12 - - [13/Jun/2026:18:04:07 +0200] "GET /index.php/?h=33682990241100 HTTP/1.1" 301 - "-" "Mozilla/5.0 (compatible; Googlebot/2.1; +http://www.google.com/bot.html)"
66.249.64.12 - - [13/Jun/2026:18:05:54 +0200] "GET /?h=19355970721100 HTTP/1.1" 301 313 "-" "Mozilla/5.0 (Linux; Android 6.0.1; Nexus 5X Build/MMB29P) AppleWebKit/537.36 (KHTML, like Gecko) Chrome/148.0.7778.96 Mobile Safari/537.36 (compatible; Googlebot/2.1; +http://www.google.com/bot.html)"
66.249.64.10 - - [13/Jun/2026:18:05:54 +0200] "GET /index.php/?h=19355970721100 HTTP/1.1" 301 - "-" "Mozilla/5.0 (Linux; Android 6.0.1; Nexus 5X Build/MMB29P) AppleWebKit/537.36 (KHTML, like Gecko) Chrome/148.0.7778.96 Mobile Safari/537.36 (compatible; Googlebot/2.1; +http://www.google.com/bot.html)"
66.249.89.10 - - [13/Jun/2026:18:07:09 +0200] "GET /?h=15747001761100 HTTP/1.1" 301 313 "-" "Mozilla/5.0 (X11; Linux x86_64) AppleWebKit/537.36 (KHTML, like Gecko) Chrome/148.0.7778.96 Safari/537.36"
66.249.89.11 - - [13/Jun/2026:18:07:10 +0200] "GET /index.php/?h=15747001761100 HTTP/1.1" 301 - "-" "Mozilla/5.0 (X11; Linux x86_64) AppleWebKit/537.36 (KHTML, like Gecko) Chrome/148.0.7778.96 Safari/537.36"
66.249.64.10 - - [13/Jun/2026:18:08:18 +0200] "GET /?h=36878138081100 HTTP/1.1" 301 313 "-" "Mozilla/5.0 (Linux; Android 6.0.1; Nexus 5X Build/MMB29P) AppleWebKit/537.36 (KHTML, like Gecko) Chrome/148.0.7778.96 Mobile Safari/537.36 (compatible; Googlebot/2.1; +http://www.google.com/bot.html)"
66.249.64.11 - - [13/Jun/2026:18:08:18 +0200] "GET /index.php/?h=36878138081100 HTTP/1.1" 301 - "-" "Mozilla/5.0 (Linux; Android 6.0.1; Nexus 5X Build/MMB29P) AppleWebKit/537.36 (KHTML, like Gecko) Chrome/148.0.7778.96 Mobile Safari/537.36 (compatible; Googlebot/2.1; +http://www.google.com/bot.html)"
51.116.2.92 - - [13/Jun/2026:18:08:18 +0200] "GET /?h=1549010401100 HTTP/2.0" 301 312 "-" "Mozilla/5.0 AppleWebKit/537.36 (KHTML, like Gecko); compatible; ChatGPT-User/1.0; +https://openai.com/bot"
51.116.2.92 - - [13/Jun/2026:18:08:18 +0200] "GET /index.php/?h=1549010401100 HTTP/2.0" 301 - "-" "Mozilla/5.0 AppleWebKit/537.36 (KHTML, like Gecko); compatible; ChatGPT-User/1.0; +https://openai.com/bot"
45.61.66.255 - - [13/Jun/2026:18:10:41 +0200] "GET /?h=1241106361100 HTTP/2.0" 301 312 "-" "Mozilla/5.0 (Macintosh; Intel Mac OS X 10_15_7) AppleWebKit/605.1.15 (KHTML, like Gecko) Version/26.2 Safari/605.1.15"
45.61.66.255 - - [13/Jun/2026:18:10:42 +0200] "GET /index.php/?h=1241106361100 HTTP/2.0" 301 - "https://verona.elettroservicegroup.it/?h=1241106361100" "Mozilla/5.0 (Macintosh; Intel Mac OS X 10_15_7) AppleWebKit/605.1.15 (KHTML, like Gecko) Version/26.2 Safari/605.1.15"
85.254.138.108 - - [13/Jun/2026:18:10:42 +0200] "GET /?h=1241106361100 HTTP/2.0" 301 312 "-" "Mozilla/5.0 (Macintosh; Intel Mac OS X 10_15_7) AppleWebKit/605.1.15 (KHTML, like Gecko) Version/26.2 Safari/605.1.15"
85.254.138.108 - - [13/Jun/2026:18:10:43 +0200] "GET /index.php/?h=1241106361100 HTTP/2.0" 301 - "https://verona.elettroservicegroup.it/?h=1241106361100" "Mozilla/5.0 (Macintosh; Intel Mac OS X 10_15_7) AppleWebKit/605.1.15 (KHTML, like Gecko) Version/26.2 Safari/605.1.15"
142.147.223.171 - - [13/Jun/2026:18:10:43 +0200] "GET /?h=1241106361100 HTTP/2.0" 301 312 "-" "Mozilla/5.0 (Macintosh; Intel Mac OS X 10_15_7) AppleWebKit/605.1.15 (KHTML, like Gecko) Version/26.2 Safari/605.1.15"
142.147.223.171 - - [13/Jun/2026:18:10:43 +0200] "GET /index.php/?h=1241106361100 HTTP/2.0" 301 - "https://verona.elettroservicegroup.it/?h=1241106361100" "Mozilla/5.0 (Macintosh; Intel Mac OS X 10_15_7) AppleWebKit/605.1.15 (KHTML, like Gecko) Version/26.2 Safari/605.1.15"
66.249.64.10 - - [13/Jun/2026:18:12:15 +0200] "GET /?h=19731790601100 HTTP/1.1" 301 313 "-" "Mozilla/5.0 (Linux; Android 6.0.1; Nexus 5X Build/MMB29P) AppleWebKit/537.36 (KHTML, like Gecko) Chrome/148.0.7778.96 Mobile Safari/537.36 (compatible; Googlebot/2.1; +http://www.google.com/bot.html)"
66.249.64.12 - - [13/Jun/2026:18:12:15 +0200] "GET /index.php/?h=19731790601100 HTTP/1.1" 301 - "-" "Mozilla/5.0 (Linux; Android 6.0.1; Nexus 5X Build/MMB29P) AppleWebKit/537.36 (KHTML, like Gecko) Chrome/148.0.7778.96 Mobile Safari/537.36 (compatible; Googlebot/2.1; +http://www.google.com/bot.html)"
20.113.225.124 - - [13/Jun/2026:18:15:04 +0200] "GET /?h=38222430081100 HTTP/2.0" 301 313 "-" "Mozilla/5.0 AppleWebKit/537.36 (KHTML, like Gecko); compatible; ChatGPT-User/1.0; +https://openai.com/bot"
20.113.225.124 - - [13/Jun/2026:18:15:05 +0200] "GET /index.php/?h=38222430081100 HTTP/2.0" 301 - "-" "Mozilla/5.0 AppleWebKit/537.36 (KHTML, like Gecko); compatible; ChatGPT-User/1.0; +https://openai.com/bot"
74.7.228.208 - - [13/Jun/2026:18:15:20 +0200] "GET /?h=38222430081100 HTTP/2.0" 301 313 "-" "Mozilla/5.0 (Macintosh; Intel Mac OS X 10_15_7) AppleWebKit/537.36 (KHTML, like Gecko) Chrome/131.0.0.0 Safari/537.36; compatible; OAI-SearchBot/1.4; +https://openai.com/searchbot"
74.7.228.208 - - [13/Jun/2026:18:15:20 +0200] "GET /index.php/?h=38222430081100 HTTP/2.0" 301 - "https://verona.elettroservicegroup.it/?h=38222430081100" "Mozilla/5.0 (Macintosh; Intel Mac OS X 10_15_7) AppleWebKit/537.36 (KHTML, like Gecko) Chrome/131.0.0.0 Safari/537.36; compatible; OAI-SearchBot/1.4; +https://openai.com/searchbot"
66.249.64.10 - - [13/Jun/2026:18:15:47 +0200] "GET /?h=38619272241100 HTTP/1.1" 301 313 "-" "Mozilla/5.0 (Linux; Android 6.0.1; Nexus 5X Build/MMB29P) AppleWebKit/537.36 (KHTML, like Gecko) Chrome/148.0.7778.96 Mobile Safari/537.36 (compatible; Googlebot/2.1; +http://www.google.com/bot.html)"
66.249.64.12 - - [13/Jun/2026:18:15:47 +0200] "GET /index.php/?h=38619272241100 HTTP/1.1" 301 - "-" "Mozilla/5.0 (Linux; Android 6.0.1; Nexus 5X Build/MMB29P) AppleWebKit/537.36 (KHTML, like Gecko) Chrome/148.0.7778.96 Mobile Safari/537.36 (compatible; Googlebot/2.1; +http://www.google.com/bot.html)"
66.249.93.169 - - [13/Jun/2026:18:19:01 +0200] "GET /.well-known/traffic-advice HTTP/1.1" 301 296 "-" "Chrome Privacy Preserving Prefetch Proxy"
162.120.187.139 - - [13/Jun/2026:18:19:02 +0200] "GET /?h=33753069481100 HTTP/2.0" 301 313 "https://www.google.com/" "Mozilla/5.0 (Linux; Android 10; K) AppleWebKit/537.36 (KHTML, like Gecko) Chrome/148.0.0.0 Mobile Safari/537.36"
162.120.187.139 - - [13/Jun/2026:18:19:02 +0200] "GET /index.php/?h=33753069481100 HTTP/2.0" 301 - "https://www.google.com/" "Mozilla/5.0 (Linux; Android 10; K) AppleWebKit/537.36 (KHTML, like Gecko) Chrome/148.0.0.0 Mobile Safari/537.36"
66.249.64.11 - - [13/Jun/2026:18:20:35 +0200] "GET /?h=3921006921100 HTTP/1.1" 301 312 "-" "Mozilla/5.0 (Linux; Android 6.0.1; Nexus 5X Build/MMB29P) AppleWebKit/537.36 (KHTML, like Gecko) Chrome/148.0.7778.96 Mobile Safari/537.36 (compatible; Googlebot/2.1; +http://www.google.com/bot.html)"
66.249.64.10 - - [13/Jun/2026:18:20:36 +0200] "GET /index.php/?h=3921006921100 HTTP/1.1" 301 - "-" "Mozilla/5.0 (Linux; Android 6.0.1; Nexus 5X Build/MMB29P) AppleWebKit/537.36 (KHTML, like Gecko) Chrome/148.0.7778.96 Mobile Safari/537.36 (compatible; Googlebot/2.1; +http://www.google.com/bot.html)"
51.107.70.205 - - [13/Jun/2026:18:21:09 +0200] "GET /?h=37326782481100 HTTP/2.0" 301 313 "-" "Mozilla/5.0 AppleWebKit/537.36 (KHTML, like Gecko); compatible; ChatGPT-User/1.0; +https://openai.com/bot"
51.107.70.205 - - [13/Jun/2026:18:21:09 +0200] "GET /index.php/?h=37326782481100 HTTP/2.0" 301 - "-" "Mozilla/5.0 AppleWebKit/537.36 (KHTML, like Gecko); compatible; ChatGPT-User/1.0; +https://openai.com/bot"
66.249.64.12 - - [13/Jun/2026:18:22:22 +0200] "GET /?h=10280746441100 HTTP/1.1" 301 313 "-" "Mozilla/5.0 (Linux; Android 6.0.1; Nexus 5X Build/MMB29P) AppleWebKit/537.36 (KHTML, like Gecko) Chrome/148.0.7778.96 Mobile Safari/537.36 (compatible; Googlebot/2.1; +http://www.google.com/bot.html)"
66.249.64.12 - - [13/Jun/2026:18:22:23 +0200] "GET /index.php/?h=10280746441100 HTTP/1.1" 301 - "-" "Mozilla/5.0 (Linux; Android 6.0.1; Nexus 5X Build/MMB29P) AppleWebKit/537.36 (KHTML, like Gecko) Chrome/148.0.7778.96 Mobile Safari/537.36 (compatible; Googlebot/2.1; +http://www.google.com/bot.html)"
73.96.138.51 - - [13/Jun/2026:18:24:25 +0200] "GET /?h=34801542641100 HTTP/2.0" 301 313 "-" "Mozilla/5.0 (iPhone; CPU iPhone OS 26_5_1 like Mac OS X) AppleWebKit/605.1.15 (KHTML, like Gecko) GSA/423.5.920392540 Mobile/15E148 Safari/604.1"
73.96.138.51 - - [13/Jun/2026:18:24:25 +0200] "GET /index.php/?h=34801542641100 HTTP/2.0" 301 - "-" "Mozilla/5.0 (iPhone; CPU iPhone OS 26_5_1 like Mac OS X) AppleWebKit/605.1.15 (KHTML, like Gecko) GSA/423.5.920392540 Mobile/15E148 Safari/604.1"
73.96.138.51 - - [13/Jun/2026:18:24:37 +0200] "GET /index.php/?h=34801542641100 HTTP/2.0" 301 - "-" "Mozilla/5.0 (iPhone; CPU iPhone OS 26_5_1 like Mac OS X) AppleWebKit/605.1.15 (KHTML, like Gecko) GSA/423.5.920392540 Mobile/15E148 Safari/604.1"
66.249.64.12 - - [13/Jun/2026:18:25:34 +0200] "GET /?h=19253679201100 HTTP/1.1" 301 313 "-" "Mozilla/5.0 (compatible; Googlebot/2.1; +http://www.google.com/bot.html)"
66.249.64.11 - - [13/Jun/2026:18:25:34 +0200] "GET /index.php/?h=19253679201100 HTTP/1.1" 301 - "-" "Mozilla/5.0 (compatible; Googlebot/2.1; +http://www.google.com/bot.html)"
66.249.64.11 - - [13/Jun/2026:18:29:33 +0200] "GET /?h=38703585161100 HTTP/1.1" 301 313 "-" "Mozilla/5.0 (Linux; Android 6.0.1; Nexus 5X Build/MMB29P) AppleWebKit/537.36 (KHTML, like Gecko) Chrome/148.0.7778.96 Mobile Safari/537.36 (compatible; Googlebot/2.1; +http://www.google.com/bot.html)"
66.249.64.11 - - [13/Jun/2026:18:29:33 +0200] "GET /index.php/?h=38703585161100 HTTP/1.1" 301 - "-" "Mozilla/5.0 (Linux; Android 6.0.1; Nexus 5X Build/MMB29P) AppleWebKit/537.36 (KHTML, like Gecko) Chrome/148.0.7778.96 Mobile Safari/537.36 (compatible; Googlebot/2.1; +http://www.google.com/bot.html)"
66.249.64.11 - - [13/Jun/2026:18:29:40 +0200] "GET /?h=12104910401100 HTTP/1.1" 301 313 "-" "Mozilla/5.0 (compatible; Googlebot/2.1; +http://www.google.com/bot.html)"
66.249.64.10 - - [13/Jun/2026:18:29:40 +0200] "GET /index.php/?h=12104910401100 HTTP/1.1" 301 - "-" "Mozilla/5.0 (compatible; Googlebot/2.1; +http://www.google.com/bot.html)"
47.128.23.255 - - [13/Jun/2026:18:31:14 +0200] "GET /robots.txt HTTP/1.1" 200 11824 "-" "Mozilla/5.0 (Linux; Android 5.0) AppleWebKit/537.36 (KHTML, like Gecko) Mobile Safari/537.36 (compatible; Bytespider; spider-feedback@bytedance.com)"
162.120.187.15 - - [13/Jun/2026:18:31:56 +0200] "GET /?h=33753069481100 HTTP/2.0" 301 313 "https://www.google.com/" "Mozilla/5.0 (Linux; Android 10; K) AppleWebKit/537.36 (KHTML, like Gecko) Chrome/148.0.0.0 Mobile Safari/537.36"
162.120.187.15 - - [13/Jun/2026:18:31:56 +0200] "GET /index.php/?h=33753069481100 HTTP/2.0" 301 - "https://www.google.com/" "Mozilla/5.0 (Linux; Android 10; K) AppleWebKit/537.36 (KHTML, like Gecko) Chrome/148.0.0.0 Mobile Safari/537.36"
45.227.253.162 - - [13/Jun/2026:18:32:15 +0200] "GET / HTTP/2.0" 301 296 "-" "Mozilla/5.0 (Macintosh; Intel Mac OS X 10_15_7) AppleWebKit/537.36 (KHTML, like Gecko) Chrome/120.0.0.0 Safari/537.36"
45.227.253.162 - - [13/Jun/2026:18:32:15 +0200] "GET /index.php/ HTTP/2.0" 301 - "-" "Mozilla/5.0 (Macintosh; Intel Mac OS X 10_15_7) AppleWebKit/537.36 (KHTML, like Gecko) Chrome/120.0.0.0 Safari/537.36"
66.249.64.10 - - [13/Jun/2026:18:32:24 +0200] "GET /?h=17227423841100 HTTP/1.1" 301 313 "-" "Mozilla/5.0 (Linux; Android 6.0.1; Nexus 5X Build/MMB29P) AppleWebKit/537.36 (KHTML, like Gecko) Chrome/148.0.7778.96 Mobile Safari/537.36 (compatible; Googlebot/2.1; +http://www.google.com/bot.html)"
66.249.64.12 - - [13/Jun/2026:18:32:25 +0200] "GET /index.php/?h=17227423841100 HTTP/1.1" 301 - "-" "Mozilla/5.0 (Linux; Android 6.0.1; Nexus 5X Build/MMB29P) AppleWebKit/537.36 (KHTML, like Gecko) Chrome/148.0.7778.96 Mobile Safari/537.36 (compatible; Googlebot/2.1; +http://www.google.com/bot.html)"
66.249.64.12 - - [13/Jun/2026:18:33:31 +0200] "GET /?h=36190415601100 HTTP/1.1" 301 313 "-" "Mozilla/5.0 (Linux; Android 6.0.1; Nexus 5X Build/MMB29P) AppleWebKit/537.36 (KHTML, like Gecko) Chrome/148.0.7778.96 Mobile Safari/537.36 (compatible; Googlebot/2.1; +http://www.google.com/bot.html)"
66.249.64.10 - - [13/Jun/2026:18:33:32 +0200] "GET /index.php/?h=36190415601100 HTTP/1.1" 301 - "-" "Mozilla/5.0 (Linux; Android 6.0.1; Nexus 5X Build/MMB29P) AppleWebKit/537.36 (KHTML, like Gecko) Chrome/148.0.7778.96 Mobile Safari/537.36 (compatible; Googlebot/2.1; +http://www.google.com/bot.html)"
74.7.227.53 - - [13/Jun/2026:18:33:54 +0200] "GET /sitemap.xml HTTP/2.0" 301 - "-" "Mozilla/5.0 AppleWebKit/537.36 (KHTML, like Gecko; compatible; GPTBot/1.4; +https://openai.com/gptbot)"
113.184.154.110 - - [13/Jun/2026:18:37:17 +0200] "POST /wp-login.php HTTP/1.1" 200 10925 "-" "Mozilla/5.0 (Windows NT 10.0; Win64; x64) AppleWebKit/537.36 (KHTML, like Gecko) Chrome/124.0 Safari/537.36"
65.108.235.243 - - [13/Jun/2026:18:37:20 +0200] "POST /wp-cron.php?doing_wp_cron=1781368640.6044700145721435546875 HTTP/1.1" 200 1 "-" "WordPress/7.0; https://verona.elettroservicegroup.it"
65.108.235.243 - - [13/Jun/2026:18:37:21 +0200] "GET / HTTP/1.1" 301 296 "-" "WP Fastest Cache Preload Bot"
65.108.235.243 - - [13/Jun/2026:18:37:21 +0200] "GET /index.php/ HTTP/1.1" 301 - "-" "WP Fastest Cache Preload Bot"
66.249.64.11 - - [13/Jun/2026:18:37:31 +0200] "GET /?h=44207050961100 HTTP/1.1" 301 313 "-" "Mozilla/5.0 (compatible; Googlebot/2.1; +http://www.google.com/bot.html)"
66.249.64.10 - - [13/Jun/2026:18:37:31 +0200] "GET /index.php/?h=44207050961100 HTTP/1.1" 301 - "-" "Mozilla/5.0 (compatible; Googlebot/2.1; +http://www.google.com/bot.html)"
66.249.64.10 - - [13/Jun/2026:18:38:21 +0200] "GET /?h=1328627081100 HTTP/1.1" 301 312 "-" "Mozilla/5.0 (compatible; Googlebot/2.1; +http://www.google.com/bot.html)"
66.249.64.10 - - [13/Jun/2026:18:38:22 +0200] "GET /index.php/?h=1328627081100 HTTP/1.1" 301 - "-" "Mozilla/5.0 (compatible; Googlebot/2.1; +http://www.google.com/bot.html)"
66.249.64.12 - - [13/Jun/2026:18:42:35 +0200] "GET /?h=5301479921100 HTTP/1.1" 301 312 "-" "Mozilla/5.0 (Linux; Android 6.0.1; Nexus 5X Build/MMB29P) AppleWebKit/537.36 (KHTML, like Gecko) Chrome/148.0.7778.96 Mobile Safari/537.36 (compatible; Googlebot/2.1; +http://www.google.com/bot.html)"
66.249.64.12 - - [13/Jun/2026:18:42:35 +0200] "GET /index.php/?h=5301479921100 HTTP/1.1" 301 - "-" "Mozilla/5.0 (Linux; Android 6.0.1; Nexus 5X Build/MMB29P) AppleWebKit/537.36 (KHTML, like Gecko) Chrome/148.0.7778.96 Mobile Safari/537.36 (compatible; Googlebot/2.1; +http://www.google.com/bot.html)"
66.249.64.10 - - [13/Jun/2026:18:44:43 +0200] "GET /product/category/view_more/40725394361100 HTTP/1.1" 301 296 "-" "Mozilla/5.0 (Linux; Android 6.0.1; Nexus 5X Build/MMB29P) AppleWebKit/537.36 (KHTML, like Gecko) Chrome/148.0.7778.96 Mobile Safari/537.36 (compatible; Googlebot/2.1; +http://www.google.com/bot.html)"
66.249.64.10 - - [13/Jun/2026:18:46:55 +0200] "GET /?h=27535114721100 HTTP/1.1" 301 313 "-" "Mozilla/5.0 (Linux; Android 6.0.1; Nexus 5X Build/MMB29P) AppleWebKit/537.36 (KHTML, like Gecko) Chrome/148.0.7778.96 Mobile Safari/537.36 (compatible; Googlebot/2.1; +http://www.google.com/bot.html)"
66.249.64.11 - - [13/Jun/2026:18:46:57 +0200] "GET /?h=42940477241100 HTTP/1.1" 301 313 "-" "Mozilla/5.0 (Linux; Android 6.0.1; Nexus 5X Build/MMB29P) AppleWebKit/537.36 (KHTML, like Gecko) Chrome/148.0.7778.96 Mobile Safari/537.36 (compatible; Googlebot/2.1; +http://www.google.com/bot.html)"
66.249.64.12 - - [13/Jun/2026:18:46:57 +0200] "GET /index.php/?h=27535114721100 HTTP/1.1" 301 - "-" "Mozilla/5.0 (Linux; Android 6.0.1; Nexus 5X Build/MMB29P) AppleWebKit/537.36 (KHTML, like Gecko) Chrome/148.0.7778.96 Mobile Safari/537.36 (compatible; Googlebot/2.1; +http://www.google.com/bot.html)"
66.249.64.10 - - [13/Jun/2026:18:46:57 +0200] "GET /index.php/?h=42940477241100 HTTP/1.1" 301 - "-" "Mozilla/5.0 (Linux; Android 6.0.1; Nexus 5X Build/MMB29P) AppleWebKit/537.36 (KHTML, like Gecko) Chrome/148.0.7778.96 Mobile Safari/537.36 (compatible; Googlebot/2.1; +http://www.google.com/bot.html)"
66.249.64.11 - - [13/Jun/2026:18:49:29 +0200] "GET /?h=18383723841100 HTTP/1.1" 301 313 "-" "Mozilla/5.0 (compatible; Googlebot/2.1; +http://www.google.com/bot.html)"
66.249.64.12 - - [13/Jun/2026:18:49:30 +0200] "GET /index.php/?h=18383723841100 HTTP/1.1" 301 - "-" "Mozilla/5.0 (compatible; Googlebot/2.1; +http://www.google.com/bot.html)"
66.249.64.12 - - [13/Jun/2026:18:50:43 +0200] "GET /?h=12140718401100 HTTP/1.1" 301 313 "-" "Mozilla/5.0 (compatible; Googlebot/2.1; +http://www.google.com/bot.html)"
66.249.64.12 - - [13/Jun/2026:18:50:43 +0200] "GET /index.php/?h=12140718401100 HTTP/1.1" 301 - "-" "Mozilla/5.0 (compatible; Googlebot/2.1; +http://www.google.com/bot.html)"
66.249.89.11 - - [13/Jun/2026:18:50:59 +0200] "GET /index.php/?h=15747001761100 HTTP/1.1" 301 - "-" "Mozilla/5.0 (X11; Linux x86_64) AppleWebKit/537.36 (KHTML, like Gecko) Chrome/148.0.7778.96 Safari/537.36"
66.249.64.10 - - [13/Jun/2026:18:51:39 +0200] "GET /?h=9652360801100 HTTP/1.1" 301 312 "-" "Mozilla/5.0 (compatible; Googlebot/2.1; +http://www.google.com/bot.html)"
66.249.64.11 - - [13/Jun/2026:18:51:40 +0200] "GET /index.php/?h=9652360801100 HTTP/1.1" 301 - "-" "Mozilla/5.0 (compatible; Googlebot/2.1; +http://www.google.com/bot.html)"
66.249.64.10 - - [13/Jun/2026:18:52:35 +0200] "GET /?h=12079994001100 HTTP/1.1" 301 313 "-" "Mozilla/5.0 (Linux; Android 6.0.1; Nexus 5X Build/MMB29P) AppleWebKit/537.36 (KHTML, like Gecko) Chrome/148.0.7778.96 Mobile Safari/537.36 (compatible; Googlebot/2.1; +http://www.google.com/bot.html)"
66.249.64.12 - - [13/Jun/2026:18:52:36 +0200] "GET /index.php/?h=12079994001100 HTTP/1.1" 301 - "-" "Mozilla/5.0 (Linux; Android 6.0.1; Nexus 5X Build/MMB29P) AppleWebKit/537.36 (KHTML, like Gecko) Chrome/148.0.7778.96 Mobile Safari/537.36 (compatible; Googlebot/2.1; +http://www.google.com/bot.html)"
66.249.64.10 - - [13/Jun/2026:19:00:13 +0200] "GET /?h=15372703721100 HTTP/1.1" 301 313 "-" "Mozilla/5.0 (Linux; Android 6.0.1; Nexus 5X Build/MMB29P) AppleWebKit/537.36 (KHTML, like Gecko) Chrome/148.0.7778.96 Mobile Safari/537.36 (compatible; Googlebot/2.1; +http://www.google.com/bot.html)"
66.249.64.11 - - [13/Jun/2026:19:00:13 +0200] "GET /index.php/?h=15372703721100 HTTP/1.1" 301 - "-" "Mozilla/5.0 (Linux; Android 6.0.1; Nexus 5X Build/MMB29P) AppleWebKit/537.36 (KHTML, like Gecko) Chrome/148.0.7778.96 Mobile Safari/537.36 (compatible; Googlebot/2.1; +http://www.google.com/bot.html)"
66.249.64.11 - - [13/Jun/2026:19:02:10 +0200] "GET /?h=22235336761100 HTTP/1.1" 301 313 "-" "Mozilla/5.0 (Linux; Android 6.0.1; Nexus 5X Build/MMB29P) AppleWebKit/537.36 (KHTML, like Gecko) Chrome/148.0.7778.96 Mobile Safari/537.36 (compatible; Googlebot/2.1; +http://www.google.com/bot.html)"
66.249.64.10 - - [13/Jun/2026:19:02:10 +0200] "GET /index.php/?h=22235336761100 HTTP/1.1" 301 - "-" "Mozilla/5.0 (Linux; Android 6.0.1; Nexus 5X Build/MMB29P) AppleWebKit/537.36 (KHTML, like Gecko) Chrome/148.0.7778.96 Mobile Safari/537.36 (compatible; Googlebot/2.1; +http://www.google.com/bot.html)"
66.249.64.12 - - [13/Jun/2026:19:13:03 +0200] "GET /?h=25323463441100 HTTP/1.1" 301 313 "-" "Mozilla/5.0 (Linux; Android 6.0.1; Nexus 5X Build/MMB29P) AppleWebKit/537.36 (KHTML, like Gecko) Chrome/148.0.7778.96 Mobile Safari/537.36 (compatible; Googlebot/2.1; +http://www.google.com/bot.html)"
66.249.64.10 - - [13/Jun/2026:19:13:03 +0200] "GET /index.php/?h=25323463441100 HTTP/1.1" 301 - "-" "Mozilla/5.0 (Linux; Android 6.0.1; Nexus 5X Build/MMB29P) AppleWebKit/537.36 (KHTML, like Gecko) Chrome/148.0.7778.96 Mobile Safari/537.36 (compatible; Googlebot/2.1; +http://www.google.com/bot.html)"
66.249.64.11 - - [13/Jun/2026:19:18:02 +0200] "GET /?h=7391503361100 HTTP/1.1" 301 312 "-" "Mozilla/5.0 (Linux; Android 6.0.1; Nexus 5X Build/MMB29P) AppleWebKit/537.36 (KHTML, like Gecko) Chrome/148.0.7778.96 Mobile Safari/537.36 (compatible; Googlebot/2.1; +http://www.google.com/bot.html)"
66.249.64.12 - - [13/Jun/2026:19:18:03 +0200] "GET /index.php/?h=7391503361100 HTTP/1.1" 301 - "-" "Mozilla/5.0 (Linux; Android 6.0.1; Nexus 5X Build/MMB29P) AppleWebKit/537.36 (KHTML, like Gecko) Chrome/148.0.7778.96 Mobile Safari/537.36 (compatible; Googlebot/2.1; +http://www.google.com/bot.html)"
52.167.144.156 - - [13/Jun/2026:19:20:12 +0200] "GET /sitemap_index.xml HTTP/2.0" 301 296 "-" "Mozilla/5.0 AppleWebKit/537.36 (KHTML, like Gecko; compatible; bingbot/2.0; +http://www.bing.com/bingbot.htm) Chrome/116.0.1938.76 Safari/537.36"
52.167.144.156 - - [13/Jun/2026:19:20:13 +0200] "GET /index.php/ HTTP/2.0" 301 - "-" "Mozilla/5.0 AppleWebKit/537.36 (KHTML, like Gecko; compatible; bingbot/2.0; +http://www.bing.com/bingbot.htm) Chrome/116.0.1938.76 Safari/537.36"
20.215.220.99 - - [13/Jun/2026:19:21:17 +0200] "GET /?h=11981268361100 HTTP/2.0" 301 313 "-" "Mozilla/5.0 AppleWebKit/537.36 (KHTML, like Gecko); compatible; ChatGPT-User/1.0; +https://openai.com/bot"
20.215.220.99 - - [13/Jun/2026:19:21:17 +0200] "GET /index.php/?h=11981268361100 HTTP/2.0" 301 - "-" "Mozilla/5.0 AppleWebKit/537.36 (KHTML, like Gecko); compatible; ChatGPT-User/1.0; +https://openai.com/bot"
74.7.242.166 - - [13/Jun/2026:19:21:35 +0200] "GET /?h=11981268361100 HTTP/2.0" 301 313 "-" "Mozilla/5.0 (Macintosh; Intel Mac OS X 10_15_7) AppleWebKit/537.36 (KHTML, like Gecko) Chrome/131.0.0.0 Safari/537.36; compatible; OAI-SearchBot/1.4; +https://openai.com/searchbot"
74.7.242.166 - - [13/Jun/2026:19:21:36 +0200] "GET /index.php/?h=11981268361100 HTTP/2.0" 301 - "https://verona.elettroservicegroup.it/?h=11981268361100" "Mozilla/5.0 (Macintosh; Intel Mac OS X 10_15_7) AppleWebKit/537.36 (KHTML, like Gecko) Chrome/131.0.0.0 Safari/537.36; compatible; OAI-SearchBot/1.4; +https://openai.com/searchbot"
66.249.64.10 - - [13/Jun/2026:19:23:36 +0200] "GET /?h=6533558601100 HTTP/1.1" 301 312 "-" "Mozilla/5.0 (compatible; Googlebot/2.1; +http://www.google.com/bot.html)"
66.249.64.11 - - [13/Jun/2026:19:23:36 +0200] "GET /index.php/?h=6533558601100 HTTP/1.1" 301 - "-" "Mozilla/5.0 (compatible; Googlebot/2.1; +http://www.google.com/bot.html)"
40.77.167.33 - - [13/Jun/2026:19:25:02 +0200] "GET /fashion-jewelry HTTP/2.0" 301 296 "-" "Mozilla/5.0 AppleWebKit/537.36 (KHTML, like Gecko; compatible; bingbot/2.0; +http://www.bing.com/bingbot.htm) Chrome/116.0.1938.76 Safari/537.36"
66.249.64.10 - - [13/Jun/2026:19:25:40 +0200] "GET /?h=25266707761100 HTTP/1.1" 301 313 "-" "Mozilla/5.0 (compatible; Googlebot/2.1; +http://www.google.com/bot.html)"
66.249.64.10 - - [13/Jun/2026:19:25:40 +0200] "GET /index.php/?h=25266707761100 HTTP/1.1" 301 - "-" "Mozilla/5.0 (compatible; Googlebot/2.1; +http://www.google.com/bot.html)"
66.249.89.10 - - [13/Jun/2026:19:26:45 +0200] "GET /index.php/?h=29673255161100 HTTP/1.1" 301 - "-" "Mozilla/5.0 (X11; Linux x86_64) AppleWebKit/537.36 (KHTML, like Gecko) Chrome/148.0.7778.96 Safari/537.36"
66.249.64.11 - - [13/Jun/2026:19:26:47 +0200] "GET /?h=38711119761100 HTTP/1.1" 301 313 "-" "Mozilla/5.0 (Linux; Android 6.0.1; Nexus 5X Build/MMB29P) AppleWebKit/537.36 (KHTML, like Gecko) Chrome/148.0.7778.96 Mobile Safari/537.36 (compatible; Googlebot/2.1; +http://www.google.com/bot.html)"
66.249.64.11 - - [13/Jun/2026:19:26:47 +0200] "GET /index.php/?h=38711119761100 HTTP/1.1" 301 - "-" "Mozilla/5.0 (Linux; Android 6.0.1; Nexus 5X Build/MMB29P) AppleWebKit/537.36 (KHTML, like Gecko) Chrome/148.0.7778.96 Mobile Safari/537.36 (compatible; Googlebot/2.1; +http://www.google.com/bot.html)"
66.249.64.12 - - [13/Jun/2026:19:31:04 +0200] "GET /?h=19867771481100 HTTP/1.1" 301 313 "-" "Mozilla/5.0 (Linux; Android 6.0.1; Nexus 5X Build/MMB29P) AppleWebKit/537.36 (KHTML, like Gecko) Chrome/148.0.7778.96 Mobile Safari/537.36 (compatible; Googlebot/2.1; +http://www.google.com/bot.html)"
66.249.64.10 - - [13/Jun/2026:19:31:04 +0200] "GET /index.php/?h=19867771481100 HTTP/1.1" 301 - "-" "Mozilla/5.0 (Linux; Android 6.0.1; Nexus 5X Build/MMB29P) AppleWebKit/537.36 (KHTML, like Gecko) Chrome/148.0.7778.96 Mobile Safari/537.36 (compatible; Googlebot/2.1; +http://www.google.com/bot.html)"
66.249.89.11 - - [13/Jun/2026:19:31:21 +0200] "GET /index.php/?h=40387038601100 HTTP/1.1" 301 - "-" "Mozilla/5.0 (X11; Linux x86_64) AppleWebKit/537.36 (KHTML, like Gecko) Chrome/148.0.7778.96 Safari/537.36"
20.215.220.110 - - [13/Jun/2026:19:33:37 +0200] "GET / HTTP/2.0" 301 296 "-" "Mozilla/5.0 AppleWebKit/537.36 (KHTML, like Gecko); compatible; ChatGPT-User/1.0; +https://openai.com/bot"
20.215.220.110 - - [13/Jun/2026:19:33:37 +0200] "GET /index.php/ HTTP/2.0" 301 - "-" "Mozilla/5.0 AppleWebKit/537.36 (KHTML, like Gecko); compatible; ChatGPT-User/1.0; +https://openai.com/bot"
20.215.220.104 - - [13/Jun/2026:19:33:38 +0200] "GET / HTTP/2.0" 301 296 "-" "Mozilla/5.0 AppleWebKit/537.36 (KHTML, like Gecko); compatible; ChatGPT-User/1.0; +https://openai.com/bot"
20.215.220.104 - - [13/Jun/2026:19:33:38 +0200] "GET /index.php/ HTTP/2.0" 301 - "-" "Mozilla/5.0 AppleWebKit/537.36 (KHTML, like Gecko); compatible; ChatGPT-User/1.0; +https://openai.com/bot"
20.215.220.104 - - [13/Jun/2026:19:33:38 +0200] "GET / HTTP/2.0" 301 296 "-" "Mozilla/5.0 AppleWebKit/537.36 (KHTML, like Gecko); compatible; ChatGPT-User/1.0; +https://openai.com/bot"
20.215.220.104 - - [13/Jun/2026:19:33:38 +0200] "GET /index.php/ HTTP/2.0" 301 - "-" "Mozilla/5.0 AppleWebKit/537.36 (KHTML, like Gecko); compatible; ChatGPT-User/1.0; +https://openai.com/bot"
20.215.220.110 - - [13/Jun/2026:19:33:38 +0200] "GET / HTTP/2.0" 301 296 "-" "Mozilla/5.0 AppleWebKit/537.36 (KHTML, like Gecko); compatible; ChatGPT-User/1.0; +https://openai.com/bot"
20.215.220.110 - - [13/Jun/2026:19:33:38 +0200] "GET /index.php/ HTTP/2.0" 301 - "-" "Mozilla/5.0 AppleWebKit/537.36 (KHTML, like Gecko); compatible; ChatGPT-User/1.0; +https://openai.com/bot"
20.215.220.110 - - [13/Jun/2026:19:33:38 +0200] "GET / HTTP/2.0" 301 296 "-" "Mozilla/5.0 AppleWebKit/537.36 (KHTML, like Gecko); compatible; ChatGPT-User/1.0; +https://openai.com/bot"
20.215.220.110 - - [13/Jun/2026:19:33:38 +0200] "GET / HTTP/2.0" 301 296 "-" "Mozilla/5.0 AppleWebKit/537.36 (KHTML, like Gecko); compatible; ChatGPT-User/1.0; +https://openai.com/bot"
20.215.220.110 - - [13/Jun/2026:19:33:38 +0200] "GET /index.php/ HTTP/2.0" 301 - "-" "Mozilla/5.0 AppleWebKit/537.36 (KHTML, like Gecko); compatible; ChatGPT-User/1.0; +https://openai.com/bot"
20.215.220.110 - - [13/Jun/2026:19:33:38 +0200] "GET /index.php/ HTTP/2.0" 301 - "-" "Mozilla/5.0 AppleWebKit/537.36 (KHTML, like Gecko); compatible; ChatGPT-User/1.0; +https://openai.com/bot"
66.249.64.10 - - [13/Jun/2026:19:38:12 +0200] "GET /?h=41463188361100 HTTP/1.1" 301 313 "-" "Mozilla/5.0 (Linux; Android 6.0.1; Nexus 5X Build/MMB29P) AppleWebKit/537.36 (KHTML, like Gecko) Chrome/148.0.7778.96 Mobile Safari/537.36 (compatible; Googlebot/2.1; +http://www.google.com/bot.html)"
66.249.64.10 - - [13/Jun/2026:19:38:12 +0200] "GET /index.php/?h=41463188361100 HTTP/1.1" 301 - "-" "Mozilla/5.0 (Linux; Android 6.0.1; Nexus 5X Build/MMB29P) AppleWebKit/537.36 (KHTML, like Gecko) Chrome/148.0.7778.96 Mobile Safari/537.36 (compatible; Googlebot/2.1; +http://www.google.com/bot.html)"
66.249.64.10 - - [13/Jun/2026:19:40:21 +0200] "GET /?h=28705931881100 HTTP/1.1" 301 313 "-" "Mozilla/5.0 (Linux; Android 6.0.1; Nexus 5X Build/MMB29P) AppleWebKit/537.36 (KHTML, like Gecko) Chrome/148.0.7778.96 Mobile Safari/537.36 (compatible; Googlebot/2.1; +http://www.google.com/bot.html)"
66.249.64.12 - - [13/Jun/2026:19:40:22 +0200] "GET /index.php/?h=28705931881100 HTTP/1.1" 301 - "-" "Mozilla/5.0 (Linux; Android 6.0.1; Nexus 5X Build/MMB29P) AppleWebKit/537.36 (KHTML, like Gecko) Chrome/148.0.7778.96 Mobile Safari/537.36 (compatible; Googlebot/2.1; +http://www.google.com/bot.html)"
66.249.64.10 - - [13/Jun/2026:19:41:45 +0200] "GET /?h=24669519841100 HTTP/1.1" 301 313 "-" "Mozilla/5.0 (compatible; Googlebot/2.1; +http://www.google.com/bot.html)"
66.249.64.12 - - [13/Jun/2026:19:41:46 +0200] "GET /index.php/?h=24669519841100 HTTP/1.1" 301 - "-" "Mozilla/5.0 (compatible; Googlebot/2.1; +http://www.google.com/bot.html)"
40.77.167.43 - - [13/Jun/2026:19:43:13 +0200] "GET /australian-chance-casinos/ HTTP/2.0" 301 296 "-" "Mozilla/5.0 AppleWebKit/537.36 (KHTML, like Gecko; compatible; bingbot/2.0; +http://www.bing.com/bingbot.htm) Chrome/116.0.1938.76 Safari/537.36"
216.73.217.89 - - [13/Jun/2026:19:44:15 +0200] "GET /robots.txt HTTP/2.0" 200 79 "-" "Mozilla/5.0 AppleWebKit/537.36 (KHTML, like Gecko; compatible; ClaudeBot/1.0; +claudebot@anthropic.com)"
216.73.217.89 - - [13/Jun/2026:19:44:15 +0200] "GET /sitemap.xml HTTP/2.0" 301 296 "-" "Mozilla/5.0 AppleWebKit/537.36 (KHTML, like Gecko; compatible; ClaudeBot/1.0; +claudebot@anthropic.com)"
216.73.217.89 - - [13/Jun/2026:19:44:15 +0200] "GET /index.php/ HTTP/2.0" 301 - "https://verona.elettroservicegroup.it/sitemap.xml" "Mozilla/5.0 AppleWebKit/537.36 (KHTML, like Gecko; compatible; ClaudeBot/1.0; +claudebot@anthropic.com)"
66.249.64.11 - - [13/Jun/2026:19:48:32 +0200] "GET /?h=26497518241100 HTTP/1.1" 301 313 "-" "Mozilla/5.0 (compatible; Googlebot/2.1; +http://www.google.com/bot.html)"
66.249.64.10 - - [13/Jun/2026:19:48:33 +0200] "GET /index.php/?h=26497518241100 HTTP/1.1" 301 - "-" "Mozilla/5.0 (compatible; Googlebot/2.1; +http://www.google.com/bot.html)"
66.249.64.12 - - [13/Jun/2026:19:50:24 +0200] "GET /?h=5206275401100 HTTP/1.1" 301 312 "-" "Mozilla/5.0 (Linux; Android 6.0.1; Nexus 5X Build/MMB29P) AppleWebKit/537.36 (KHTML, like Gecko) Chrome/148.0.7778.96 Mobile Safari/537.36 (compatible; Googlebot/2.1; +http://www.google.com/bot.html)"
66.249.64.11 - - [13/Jun/2026:19:50:39 +0200] "GET /index.php/?h=5206275401100 HTTP/1.1" 301 - "-" "Mozilla/5.0 (Linux; Android 6.0.1; Nexus 5X Build/MMB29P) AppleWebKit/537.36 (KHTML, like Gecko) Chrome/148.0.7778.96 Mobile Safari/537.36 (compatible; Googlebot/2.1; +http://www.google.com/bot.html)"
66.249.64.10 - - [13/Jun/2026:19:50:41 +0200] "GET /?h=5777845681100 HTTP/1.1" 301 312 "-" "Mozilla/5.0 (Linux; Android 6.0.1; Nexus 5X Build/MMB29P) AppleWebKit/537.36 (KHTML, like Gecko) Chrome/148.0.7778.96 Mobile Safari/537.36 (compatible; Googlebot/2.1; +http://www.google.com/bot.html)"
66.249.64.10 - - [13/Jun/2026:19:50:45 +0200] "GET /index.php/?h=5777845681100 HTTP/1.1" 301 - "-" "Mozilla/5.0 (Linux; Android 6.0.1; Nexus 5X Build/MMB29P) AppleWebKit/537.36 (KHTML, like Gecko) Chrome/148.0.7778.96 Mobile Safari/537.36 (compatible; Googlebot/2.1; +http://www.google.com/bot.html)"
66.249.64.12 - - [13/Jun/2026:19:52:15 +0200] "GET /?h=12169126081100 HTTP/1.1" 301 313 "-" "Mozilla/5.0 (Linux; Android 6.0.1; Nexus 5X Build/MMB29P) AppleWebKit/537.36 (KHTML, like Gecko) Chrome/148.0.7778.96 Mobile Safari/537.36 (compatible; Googlebot/2.1; +http://www.google.com/bot.html)"
66.249.64.10 - - [13/Jun/2026:19:52:16 +0200] "GET /index.php/?h=12169126081100 HTTP/1.1" 301 - "-" "Mozilla/5.0 (Linux; Android 6.0.1; Nexus 5X Build/MMB29P) AppleWebKit/537.36 (KHTML, like Gecko) Chrome/148.0.7778.96 Mobile Safari/537.36 (compatible; Googlebot/2.1; +http://www.google.com/bot.html)"
9.160.164.128 - - [13/Jun/2026:19:54:01 +0200] "GET /?h=26780610321100 HTTP/2.0" 301 313 "-" "Mozilla/5.0 AppleWebKit/537.36 (KHTML, like Gecko); compatible; ChatGPT-User/1.0; +https://openai.com/bot"
9.160.164.128 - - [13/Jun/2026:19:54:01 +0200] "GET /index.php/?h=26780610321100 HTTP/2.0" 301 - "-" "Mozilla/5.0 AppleWebKit/537.36 (KHTML, like Gecko); compatible; ChatGPT-User/1.0; +https://openai.com/bot"
66.249.64.12 - - [13/Jun/2026:19:56:12 +0200] "GET /?h=38764264801100 HTTP/1.1" 301 313 "-" "Mozilla/5.0 (compatible; Googlebot/2.1; +http://www.google.com/bot.html)"
66.249.64.10 - - [13/Jun/2026:19:56:13 +0200] "GET /index.php/?h=38764264801100 HTTP/1.1" 301 - "-" "Mozilla/5.0 (compatible; Googlebot/2.1; +http://www.google.com/bot.html)"
66.249.64.10 - - [13/Jun/2026:19:56:52 +0200] "GET /?h=7445931521100 HTTP/1.1" 301 312 "-" "Mozilla/5.0 (compatible; Googlebot/2.1; +http://www.google.com/bot.html)"
66.249.64.11 - - [13/Jun/2026:19:56:52 +0200] "GET /index.php/?h=7445931521100 HTTP/1.1" 301 - "-" "Mozilla/5.0 (compatible; Googlebot/2.1; +http://www.google.com/bot.html)"
52.167.144.232 - - [13/Jun/2026:19:57:30 +0200] "GET /pokies-sites-with-bonus-and-win/ HTTP/2.0" 301 296 "-" "Mozilla/5.0 AppleWebKit/537.36 (KHTML, like Gecko; compatible; bingbot/2.0; +http://www.bing.com/bingbot.htm) Chrome/116.0.1938.76 Safari/537.36"
66.249.64.10 - - [13/Jun/2026:19:58:13 +0200] "GET /?h=38628701681100 HTTP/1.1" 301 313 "-" "Mozilla/5.0 (Linux; Android 6.0.1; Nexus 5X Build/MMB29P) AppleWebKit/537.36 (KHTML, like Gecko) Chrome/148.0.7778.96 Mobile Safari/537.36 (compatible; Googlebot/2.1; +http://www.google.com/bot.html)"
66.249.64.11 - - [13/Jun/2026:19:58:14 +0200] "GET /index.php/?h=38628701681100 HTTP/1.1" 301 - "-" "Mozilla/5.0 (Linux; Android 6.0.1; Nexus 5X Build/MMB29P) AppleWebKit/537.36 (KHTML, like Gecko) Chrome/148.0.7778.96 Mobile Safari/537.36 (compatible; Googlebot/2.1; +http://www.google.com/bot.html)"
66.249.64.12 - - [13/Jun/2026:19:59:17 +0200] "GET /?h=9485644721100 HTTP/1.1" 301 312 "-" "Mozilla/5.0 (Linux; Android 6.0.1; Nexus 5X Build/MMB29P) AppleWebKit/537.36 (KHTML, like Gecko) Chrome/148.0.7778.96 Mobile Safari/537.36 (compatible; Googlebot/2.1; +http://www.google.com/bot.html)"
66.249.64.11 - - [13/Jun/2026:19:59:18 +0200] "GET /index.php/?h=9485644721100 HTTP/1.1" 301 - "-" "Mozilla/5.0 (Linux; Android 6.0.1; Nexus 5X Build/MMB29P) AppleWebKit/537.36 (KHTML, like Gecko) Chrome/148.0.7778.96 Mobile Safari/537.36 (compatible; Googlebot/2.1; +http://www.google.com/bot.html)"
66.249.64.11 - - [13/Jun/2026:20:01:49 +0200] "GET /?h=27800526601100 HTTP/1.1" 301 313 "-" "Mozilla/5.0 (Linux; Android 6.0.1; Nexus 5X Build/MMB29P) AppleWebKit/537.36 (KHTML, like Gecko) Chrome/148.0.7778.96 Mobile Safari/537.36 (compatible; Googlebot/2.1; +http://www.google.com/bot.html)"
66.249.64.10 - - [13/Jun/2026:20:01:49 +0200] "GET /index.php/?h=27800526601100 HTTP/1.1" 301 - "-" "Mozilla/5.0 (Linux; Android 6.0.1; Nexus 5X Build/MMB29P) AppleWebKit/537.36 (KHTML, like Gecko) Chrome/148.0.7778.96 Mobile Safari/537.36 (compatible; Googlebot/2.1; +http://www.google.com/bot.html)"
66.249.64.11 - - [13/Jun/2026:20:01:56 +0200] "GET /?h=6442263121100 HTTP/1.1" 301 312 "-" "Mozilla/5.0 (compatible; Googlebot/2.1; +http://www.google.com/bot.html)"
66.249.64.10 - - [13/Jun/2026:20:01:57 +0200] "GET /index.php/?h=6442263121100 HTTP/1.1" 301 - "-" "Mozilla/5.0 (compatible; Googlebot/2.1; +http://www.google.com/bot.html)"
213.180.203.242 - - [13/Jun/2026:20:04:29 +0200] "GET /robots.txt HTTP/1.1" 200 83 "-" "Mozilla/5.0 (compatible; YandexBot/3.0; +http://yandex.com/bots)"
141.8.143.1 - - [13/Jun/2026:20:04:30 +0200] "GET /wp-content/uploads/2022/09/cropped-cropped-logo_white_background-32x32.png HTTP/2.0" 200 1222 "-" "Mozilla/5.0 (compatible; YandexFavicons/1.0; +http://yandex.com/bots)"
66.249.64.10 - - [13/Jun/2026:20:05:56 +0200] "GET /?h=26610104561100 HTTP/1.1" 301 313 "-" "Mozilla/5.0 (Linux; Android 6.0.1; Nexus 5X Build/MMB29P) AppleWebKit/537.36 (KHTML, like Gecko) Chrome/148.0.7778.96 Mobile Safari/537.36 (compatible; Googlebot/2.1; +http://www.google.com/bot.html)"
66.249.64.10 - - [13/Jun/2026:20:05:56 +0200] "GET /index.php/?h=26610104561100 HTTP/1.1" 301 - "-" "Mozilla/5.0 (Linux; Android 6.0.1; Nexus 5X Build/MMB29P) AppleWebKit/537.36 (KHTML, like Gecko) Chrome/148.0.7778.96 Mobile Safari/537.36 (compatible; Googlebot/2.1; +http://www.google.com/bot.html)"
66.249.64.11 - - [13/Jun/2026:20:07:52 +0200] "GET /?h=43592332041100 HTTP/1.1" 301 313 "-" "Mozilla/5.0 (compatible; Googlebot/2.1; +http://www.google.com/bot.html)"
66.249.64.11 - - [13/Jun/2026:20:07:52 +0200] "GET /index.php/?h=43592332041100 HTTP/1.1" 301 - "-" "Mozilla/5.0 (compatible; Googlebot/2.1; +http://www.google.com/bot.html)"
104.207.55.243 - - [13/Jun/2026:20:08:43 +0200] "GET /wp-login.php HTTP/1.1" 200 11785 "-" "Mozilla/5.0 (Windows NT 10.0; Win64; x64) AppleWebKit/537.36 (KHTML, like Gecko) Chrome/143.0.0.0 Safari/537.36"
104.207.55.243 - - [13/Jun/2026:20:08:43 +0200] "POST /wp-login.php HTTP/1.1" 200 11785 "https://verona.elettroservicegroup.it/wp-login.php" "Mozilla/5.0 (Windows NT 10.0; Win64; x64) AppleWebKit/537.36 (KHTML, like Gecko) Chrome/143.0.0.0 Safari/537.36"
66.249.64.12 - - [13/Jun/2026:20:08:50 +0200] "GET /?h=3902670241100 HTTP/1.1" 301 312 "-" "Mozilla/5.0 (Linux; Android 6.0.1; Nexus 5X Build/MMB29P) AppleWebKit/537.36 (KHTML, like Gecko) Chrome/148.0.7778.96 Mobile Safari/537.36 (compatible; Googlebot/2.1; +http://www.google.com/bot.html)"
66.249.64.12 - - [13/Jun/2026:20:08:50 +0200] "GET /index.php/?h=3902670241100 HTTP/1.1" 301 - "-" "Mozilla/5.0 (Linux; Android 6.0.1; Nexus 5X Build/MMB29P) AppleWebKit/537.36 (KHTML, like Gecko) Chrome/148.0.7778.96 Mobile Safari/537.36 (compatible; Googlebot/2.1; +http://www.google.com/bot.html)"
66.249.64.11 - - [13/Jun/2026:20:10:26 +0200] "GET /?h=27749022761100 HTTP/1.1" 301 313 "-" "Mozilla/5.0 (Linux; Android 6.0.1; Nexus 5X Build/MMB29P) AppleWebKit/537.36 (KHTML, like Gecko) Chrome/148.0.7778.96 Mobile Safari/537.36 (compatible; Googlebot/2.1; +http://www.google.com/bot.html)"
66.249.64.10 - - [13/Jun/2026:20:10:27 +0200] "GET /index.php/?h=27749022761100 HTTP/1.1" 301 - "-" "Mozilla/5.0 (Linux; Android 6.0.1; Nexus 5X Build/MMB29P) AppleWebKit/537.36 (KHTML, like Gecko) Chrome/148.0.7778.96 Mobile Safari/537.36 (compatible; Googlebot/2.1; +http://www.google.com/bot.html)"
89.137.192.42 - - [13/Jun/2026:20:11:31 +0200] "GET /?h=1241106361100 HTTP/2.0" 301 312 "-" "Mozilla/5.0 (Macintosh; Intel Mac OS X 10_15_7) AppleWebKit/605.1.15 (KHTML, like Gecko) Version/26.2 Safari/605.1.15"
66.249.64.11 - - [13/Jun/2026:20:11:31 +0200] "GET /?h=1241106361100 HTTP/1.1" 301 312 "-" "Mozilla/5.0 (compatible; Googlebot/2.1; +http://www.google.com/bot.html)"
66.249.64.12 - - [13/Jun/2026:20:11:32 +0200] "GET /?h=1241106361100 HTTP/1.1" 301 312 "-" "Mozilla/5.0 (Linux; Android 6.0.1; Nexus 5X Build/MMB29P) AppleWebKit/537.36 (KHTML, like Gecko) Chrome/99.0.4844.84 Mobile Safari/537.36 (compatible; Googlebot/2.1; +http://www.google.com/bot.html)"
89.137.192.42 - - [13/Jun/2026:20:11:32 +0200] "GET /index.php/?h=1241106361100 HTTP/2.0" 301 - "https://verona.elettroservicegroup.it/?h=1241106361100" "Mozilla/5.0 (Macintosh; Intel Mac OS X 10_15_7) AppleWebKit/605.1.15 (KHTML, like Gecko) Version/26.2 Safari/605.1.15"
66.249.64.12 - - [13/Jun/2026:20:11:32 +0200] "GET /index.php/?h=1241106361100 HTTP/1.1" 301 - "-" "Mozilla/5.0 (compatible; Googlebot/2.1; +http://www.google.com/bot.html)"
66.249.64.10 - - [13/Jun/2026:20:11:32 +0200] "GET /index.php/?h=1241106361100 HTTP/1.1" 301 - "-" "Mozilla/5.0 (Linux; Android 6.0.1; Nexus 5X Build/MMB29P) AppleWebKit/537.36 (KHTML, like Gecko) Chrome/99.0.4844.84 Mobile Safari/537.36 (compatible; Googlebot/2.1; +http://www.google.com/bot.html)"
199.120.13.171 - - [13/Jun/2026:20:11:32 +0200] "GET /?h=1241106361100 HTTP/2.0" 200 11854 "-" "Mozilla/5.0 (Macintosh; Intel Mac OS X 10_15_7) AppleWebKit/605.1.15 (KHTML, like Gecko) Version/26.2 Safari/605.1.15"
66.249.64.11 - - [13/Jun/2026:20:12:18 +0200] "GET /productSearch/pictureSearch?id=35978312881100 HTTP/1.1" 301 314 "-" "Mozilla/5.0 (Linux; Android 6.0.1; Nexus 5X Build/MMB29P) AppleWebKit/537.36 (KHTML, like Gecko) Chrome/148.0.7778.96 Mobile Safari/537.36 (compatible; Googlebot/2.1; +http://www.google.com/bot.html)"
66.249.64.12 - - [13/Jun/2026:20:12:18 +0200] "GET /index.php/?id=35978312881100 HTTP/1.1" 301 - "-" "Mozilla/5.0 (Linux; Android 6.0.1; Nexus 5X Build/MMB29P) AppleWebKit/537.36 (KHTML, like Gecko) Chrome/148.0.7778.96 Mobile Safari/537.36 (compatible; Googlebot/2.1; +http://www.google.com/bot.html)"
66.249.64.11 - - [13/Jun/2026:20:12:28 +0200] "GET /?h=8954955241100 HTTP/1.1" 301 312 "-" "Mozilla/5.0 (Linux; Android 6.0.1; Nexus 5X Build/MMB29P) AppleWebKit/537.36 (KHTML, like Gecko) Chrome/148.0.7778.96 Mobile Safari/537.36 (compatible; Googlebot/2.1; +http://www.google.com/bot.html)"
66.249.64.10 - - [13/Jun/2026:20:12:29 +0200] "GET /index.php/?h=8954955241100 HTTP/1.1" 301 - "-" "Mozilla/5.0 (Linux; Android 6.0.1; Nexus 5X Build/MMB29P) AppleWebKit/537.36 (KHTML, like Gecko) Chrome/148.0.7778.96 Mobile Safari/537.36 (compatible; Googlebot/2.1; +http://www.google.com/bot.html)"
66.249.64.10 - - [13/Jun/2026:20:12:44 +0200] "GET /?h=19210187401100 HTTP/1.1" 301 313 "-" "Mozilla/5.0 (Linux; Android 6.0.1; Nexus 5X Build/MMB29P) AppleWebKit/537.36 (KHTML, like Gecko) Chrome/148.0.7778.96 Mobile Safari/537.36 (compatible; Googlebot/2.1; +http://www.google.com/bot.html)"
66.249.64.10 - - [13/Jun/2026:20:12:44 +0200] "GET /index.php/?h=19210187401100 HTTP/1.1" 301 - "-" "Mozilla/5.0 (Linux; Android 6.0.1; Nexus 5X Build/MMB29P) AppleWebKit/537.36 (KHTML, like Gecko) Chrome/148.0.7778.96 Mobile Safari/537.36 (compatible; Googlebot/2.1; +http://www.google.com/bot.html)"
66.249.64.12 - - [13/Jun/2026:20:15:27 +0200] "GET /?h=40346873961100 HTTP/1.1" 301 313 "-" "Mozilla/5.0 (compatible; Googlebot/2.1; +http://www.google.com/bot.html)"
66.249.64.12 - - [13/Jun/2026:20:15:27 +0200] "GET /index.php/?h=40346873961100 HTTP/1.1" 301 - "-" "Mozilla/5.0 (compatible; Googlebot/2.1; +http://www.google.com/bot.html)"
52.167.144.139 - - [13/Jun/2026:20:16:17 +0200] "GET /19091-2/ HTTP/2.0" 301 296 "-" "Mozilla/5.0 AppleWebKit/537.36 (KHTML, like Gecko; compatible; bingbot/2.0; +http://www.bing.com/bingbot.htm) Chrome/116.0.1938.76 Safari/537.36"
